{"id":27684,"date":"2025-12-02T16:29:35","date_gmt":"2025-12-02T15:29:35","guid":{"rendered":"https:\/\/teatremusical.cat\/album\/el-moti-cantania-2007-2008\/"},"modified":"2026-03-17T12:21:24","modified_gmt":"2026-03-17T11:21:24","slug":"el-moti-cantania-2007-2008","status":"publish","type":"album","link":"http:\/\/teatremusical.cat\/cast\/album\/el-moti-cantania-2007-2008\/","title":{"rendered":"El mot\u00ed, Cant\u00e0nia 2007-2008"},"content":{"rendered":"<p><strong>INT\u00c8RPRETS:<\/strong><br \/>\nRobert Armengol i Sebasti\u00e0 Bel, percussi\u00f3<br \/>\n\u00c0lex Baiget, trompeta<br \/>\nJaume Cortadellas, flauta<br \/>\nXavier Figuerola, clarinet<br \/>\nMark Friedhoff, violoncel<br \/>\nDavid Malet, piano<br \/>\nJoaquim Termens, viol\u00ed<br \/>\nPau Valls, trompa<br \/>\nJordi Ricart, bar\u00edton i narrador<\/p>","protected":false},"featured_media":12845,"template":"","meta":{"_acf_changed":false,"_monsterinsights_skip_tracking":false,"_breakdance_hide_in_design_set":false,"_breakdance_tags":""},"class_list":["post-27684","album","type-album","status-publish","has-post-thumbnail","hentry"],"acf":[],"_links":{"self":[{"href":"http:\/\/teatremusical.cat\/cast\/wp-json\/wp\/v2\/album\/27684","targetHints":{"allow":["GET"]}}],"collection":[{"href":"http:\/\/teatremusical.cat\/cast\/wp-json\/wp\/v2\/album"}],"about":[{"href":"http:\/\/teatremusical.cat\/cast\/wp-json\/wp\/v2\/types\/album"}],"wp:featuredmedia":[{"embeddable":true,"href":"http:\/\/teatremusical.cat\/cast\/wp-json\/wp\/v2\/media\/12845"}],"wp:attachment":[{"href":"http:\/\/teatremusical.cat\/cast\/wp-json\/wp\/v2\/media?parent=27684"}],"curies":[{"name":"wp","href":"https:\/\/api.w.org\/{rel}","templated":true}]}}

El motí, Cantània 2007-2008

<p><strong>INTÈRPRETS:</strong><br />
Robert Armengol i Sebastià Bel, percussió<br />
Àlex Baiget, trompeta<br />
Jaume Cortadellas, flauta<br />
Xavier Figuerola, clarinet<br />
Mark Friedhoff, violoncel<br />
David Malet, piano<br />
Joaquim Termens, violí<br />
Pau Valls, trompa<br />
Jordi Ricart, baríton i narrador</p>
