{"id":58141,"date":"2026-02-11T12:18:03","date_gmt":"2026-02-11T11:18:03","guid":{"rendered":"https:\/\/teatremusical.cat\/espectacle\/la-vampira-del-raval\/"},"modified":"2026-05-29T22:42:55","modified_gmt":"2026-05-29T20:42:55","slug":"la-vampira-del-raval","status":"publish","type":"espectacle","link":"http:\/\/teatremusical.cat\/cast\/espectacle\/la-vampira-del-raval\/","title":{"rendered":"La Vampira del Raval"},"content":{"rendered":"<p>Ambientada a la Barcelona del 1912, \u2018LA VAMPIRA DEL RAVAL\u2019 relata -en clau de musical burlesque tragic\u00f2mic- la tenebrosa vida d\u2019Enriqueta Mart\u00ed, personatge real que segrestava, prostitu\u00efa i sacrificava nens i nenes del barri del Raval a fi de satisfer les necessitats er\u00f2tiques i terap\u00e8utiques de la bona societat barcelonina.<\/p>\n<p>El segrestament de la nena Teresita Guitart ser\u00e0 el punt de partida del final de la Vampira i de les seves activitats sinistres.<\/p>","protected":false},"featured_media":12354,"template":"","meta":{"_acf_changed":true,"_monsterinsights_skip_tracking":false,"_breakdance_hide_in_design_set":false,"_breakdance_tags":""},"class_list":["post-58141","espectacle","type-espectacle","status-publish","has-post-thumbnail","hentry"],"acf":[],"_links":{"self":[{"href":"http:\/\/teatremusical.cat\/cast\/wp-json\/wp\/v2\/espectacle\/58141","targetHints":{"allow":["GET"]}}],"collection":[{"href":"http:\/\/teatremusical.cat\/cast\/wp-json\/wp\/v2\/espectacle"}],"about":[{"href":"http:\/\/teatremusical.cat\/cast\/wp-json\/wp\/v2\/types\/espectacle"}],"wp:featuredmedia":[{"embeddable":true,"href":"http:\/\/teatremusical.cat\/cast\/wp-json\/wp\/v2\/media\/12354"}],"wp:attachment":[{"href":"http:\/\/teatremusical.cat\/cast\/wp-json\/wp\/v2\/media?parent=58141"}],"curies":[{"name":"wp","href":"https:\/\/api.w.org\/{rel}","templated":true}]}}

<p>Ambientada a la Barcelona del 1912, ‘LA VAMPIRA DEL RAVAL’ relata -en clau de musical burlesque tragicòmic- la tenebrosa vida d’Enriqueta Martí, personatge real que segrestava, prostituïa i sacrificava nens i nenes del barri del Raval a fi de satisfer les necessitats eròtiques i terapèutiques de la bona societat barcelonina.</p>
<p>El segrestament de la nena Teresita Guitart serà el punt de partida del final de la Vampira i de les seves activitats sinistres.</p>
