{"id":59398,"date":"2026-02-11T12:24:03","date_gmt":"2026-02-11T11:24:03","guid":{"rendered":"https:\/\/teatremusical.cat\/espectacle\/el-duo-de-la-africana-2\/"},"modified":"2026-08-14T17:23:01","modified_gmt":"2026-08-14T15:23:01","slug":"el-duo-de-la-africana-2","status":"publish","type":"espectacle","link":"http:\/\/teatremusical.cat\/cast\/espectacle\/el-duo-de-la-africana-2\/","title":{"rendered":"el d\u00fao de la Africana"},"content":{"rendered":"<p>Sarsuela en un acte, amb llibret de Miguel de Echagaray i m\u00fasica de Manuel Fern\u00e1ndez Caballero, estrenada al Teatro Apolo de Madrid, el 13 de maig de 1893. L&#8217;acci\u00f3 passa en un assaig on una companyia d&#8217;\u00f2pera est\u00e0 preparant una representaci\u00f3 musical.<\/p>","protected":false},"featured_media":14686,"template":"","meta":{"_acf_changed":true,"_monsterinsights_skip_tracking":false,"_breakdance_hide_in_design_set":false,"_breakdance_tags":""},"class_list":["post-59398","espectacle","type-espectacle","status-publish","has-post-thumbnail","hentry"],"acf":[],"_links":{"self":[{"href":"http:\/\/teatremusical.cat\/cast\/wp-json\/wp\/v2\/espectacle\/59398","targetHints":{"allow":["GET"]}}],"collection":[{"href":"http:\/\/teatremusical.cat\/cast\/wp-json\/wp\/v2\/espectacle"}],"about":[{"href":"http:\/\/teatremusical.cat\/cast\/wp-json\/wp\/v2\/types\/espectacle"}],"wp:featuredmedia":[{"embeddable":true,"href":"http:\/\/teatremusical.cat\/cast\/wp-json\/wp\/v2\/media\/14686"}],"wp:attachment":[{"href":"http:\/\/teatremusical.cat\/cast\/wp-json\/wp\/v2\/media?parent=59398"}],"curies":[{"name":"wp","href":"https:\/\/api.w.org\/{rel}","templated":true}]}}

el dúo de la Africana

<p>Sarsuela en un acte, amb llibret de Miguel de Echagaray i música de Manuel Fernández Caballero, estrenada al Teatro Apolo de Madrid, el 13 de maig de 1893. L&#8217;acció passa en un assaig on una companyia d&#8217;òpera està preparant una representació musical.</p>
