{"id":59554,"date":"2026-02-11T12:24:41","date_gmt":"2026-02-11T11:24:41","guid":{"rendered":"https:\/\/teatremusical.cat\/espectacle\/la-traviata\/"},"modified":"2026-08-14T16:38:36","modified_gmt":"2026-08-14T14:38:36","slug":"la-traviata","status":"publish","type":"espectacle","link":"http:\/\/teatremusical.cat\/cast\/espectacle\/la-traviata\/","title":{"rendered":"La Traviata"},"content":{"rendered":"<p>La magistral producci\u00f3 de David\u00a0McVicar\u00a0ens permet\u00a0fer\u00a0una relectura contempor\u00e0nia i una exploraci\u00f3 de la intimitat dels personatges. Un melodrama grandi\u00f3s amb ambientaci\u00f3 d\u2019\u00e8poca\u00a0on s\u2019explica el sacrifici de les obsessions materials per la noblesa de l\u2019amor.<\/p>\n<p>Amb un delicat i sensible preludi nom\u00e9s per\u00a0a\u00a0cordes, Verdi afirmava la seva intenci\u00f3 de desafiar les normes. La seva\u00a0Violetta\u00a0\u00e9s la tr\u00e0gica hero\u00efna presentada nua davant de la viol\u00e8ncia d\u2019una comunitat implacable i violenta que promou els plaers per sacrificar una\u00a0dona\u00a0innocent a l\u2019altar de la moralitat burgesa.<\/p>","protected":false},"featured_media":14921,"template":"","meta":{"_acf_changed":true,"_monsterinsights_skip_tracking":false,"_breakdance_hide_in_design_set":false,"_breakdance_tags":""},"class_list":["post-59554","espectacle","type-espectacle","status-publish","has-post-thumbnail","hentry"],"acf":[],"_links":{"self":[{"href":"http:\/\/teatremusical.cat\/cast\/wp-json\/wp\/v2\/espectacle\/59554","targetHints":{"allow":["GET"]}}],"collection":[{"href":"http:\/\/teatremusical.cat\/cast\/wp-json\/wp\/v2\/espectacle"}],"about":[{"href":"http:\/\/teatremusical.cat\/cast\/wp-json\/wp\/v2\/types\/espectacle"}],"wp:featuredmedia":[{"embeddable":true,"href":"http:\/\/teatremusical.cat\/cast\/wp-json\/wp\/v2\/media\/14921"}],"wp:attachment":[{"href":"http:\/\/teatremusical.cat\/cast\/wp-json\/wp\/v2\/media?parent=59554"}],"curies":[{"name":"wp","href":"https:\/\/api.w.org\/{rel}","templated":true}]}}

<p>La magistral producció de David McVicar ens permet fer una relectura contemporània i una exploració de la intimitat dels personatges. Un melodrama grandiós amb ambientació d’època on s’explica el sacrifici de les obsessions materials per la noblesa de l’amor.</p>
<p>Amb un delicat i sensible preludi només per a cordes, Verdi afirmava la seva intenció de desafiar les normes. La seva Violetta és la tràgica heroïna presentada nua davant de la violència d’una comunitat implacable i violenta que promou els plaers per sacrificar una dona innocent a l’altar de la moralitat burgesa.</p>
