{"id":27695,"date":"2025-12-02T16:29:38","date_gmt":"2025-12-02T15:29:38","guid":{"rendered":"https:\/\/teatremusical.cat\/album\/els-pastorets-cantata-de-nadal\/"},"modified":"2026-03-17T12:21:28","modified_gmt":"2026-03-17T11:21:28","slug":"els-pastorets-cantata-de-nadal","status":"publish","type":"album","link":"https:\/\/teatremusical.cat\/cast\/album\/els-pastorets-cantata-de-nadal\/","title":{"rendered":"Els Pastorets, Cantata de Nadal"},"content":{"rendered":"<ol>\n<li>\u00a0Obertura<\/li>\n<li>Contes<\/li>\n<li>Contes de Por<\/li>\n<li>Guerra i Odi<\/li>\n<li>\u00abAquest \u00c9s el Pl\u00e0 de Satan\u00e0s\u00bb<\/li>\n<li>F\u00faries de l&#8217;Infern<\/li>\n<li>\u00abTorneu al Foc\u00bb<\/li>\n<li>La Veu del Vostre Cor<\/li>\n<li>Els Arc\u00e0ngels Parlen Una Mica Estrany<\/li>\n<li>Tens la Sort Al Costat<\/li>\n<\/ol>","protected":false},"featured_media":27696,"template":"","meta":{"_acf_changed":false,"_monsterinsights_skip_tracking":false,"_breakdance_hide_in_design_set":false,"_breakdance_tags":""},"class_list":["post-27695","album","type-album","status-publish","has-post-thumbnail","hentry"],"acf":[],"_links":{"self":[{"href":"https:\/\/teatremusical.cat\/cast\/wp-json\/wp\/v2\/album\/27695","targetHints":{"allow":["GET"]}}],"collection":[{"href":"https:\/\/teatremusical.cat\/cast\/wp-json\/wp\/v2\/album"}],"about":[{"href":"https:\/\/teatremusical.cat\/cast\/wp-json\/wp\/v2\/types\/album"}],"wp:featuredmedia":[{"embeddable":true,"href":"https:\/\/teatremusical.cat\/cast\/wp-json\/wp\/v2\/media\/27696"}],"wp:attachment":[{"href":"https:\/\/teatremusical.cat\/cast\/wp-json\/wp\/v2\/media?parent=27695"}],"curies":[{"name":"wp","href":"https:\/\/api.w.org\/{rel}","templated":true}]}}

<ol>
<li> Obertura</li>
<li>Contes</li>
<li>Contes de Por</li>
<li>Guerra i Odi</li>
<li>«Aquest És el Plà de Satanàs»</li>
<li>Fúries de l&#8217;Infern</li>
<li>«Torneu al Foc»</li>
<li>La Veu del Vostre Cor</li>
<li>Els Arcàngels Parlen Una Mica Estrany</li>
<li>Tens la Sort Al Costat</li>
</ol>
