{"id":27744,"date":"2025-12-02T16:29:42","date_gmt":"2025-12-02T15:29:42","guid":{"rendered":"https:\/\/teatremusical.cat\/album\/per-si-no-ens-tornem-a-veure\/"},"modified":"2026-03-20T10:23:58","modified_gmt":"2026-03-20T09:23:58","slug":"per-si-no-ens-tornem-a-veure","status":"publish","type":"album","link":"https:\/\/teatremusical.cat\/cast\/album\/per-si-no-ens-tornem-a-veure\/","title":{"rendered":"Per si no ens tornem a veure"},"content":{"rendered":"<ol>\n<li>El poeta repetitiu<\/li>\n<li>La carta<\/li>\n<li>Recordo \/ Les princeses<\/li>\n<li>La decisi\u00f3.<\/li>\n<li>Qu\u00e8 \u00e9s aix\u00f2 que sento?<\/li>\n<li>Poema d&#8217;amor<\/li>\n<li>Inesperat<\/li>\n<li>Qui?<\/li>\n<li>En vols molt m\u00e9s<\/li>\n<li>Potser<\/li>\n<\/ol>","protected":false},"featured_media":27745,"template":"","meta":{"_acf_changed":true,"_monsterinsights_skip_tracking":false,"_breakdance_hide_in_design_set":false,"_breakdance_tags":""},"class_list":["post-27744","album","type-album","status-publish","has-post-thumbnail","hentry"],"acf":[],"_links":{"self":[{"href":"https:\/\/teatremusical.cat\/cast\/wp-json\/wp\/v2\/album\/27744","targetHints":{"allow":["GET"]}}],"collection":[{"href":"https:\/\/teatremusical.cat\/cast\/wp-json\/wp\/v2\/album"}],"about":[{"href":"https:\/\/teatremusical.cat\/cast\/wp-json\/wp\/v2\/types\/album"}],"wp:featuredmedia":[{"embeddable":true,"href":"https:\/\/teatremusical.cat\/cast\/wp-json\/wp\/v2\/media\/27745"}],"wp:attachment":[{"href":"https:\/\/teatremusical.cat\/cast\/wp-json\/wp\/v2\/media?parent=27744"}],"curies":[{"name":"wp","href":"https:\/\/api.w.org\/{rel}","templated":true}]}}

<ol>
<li>El poeta repetitiu</li>
<li>La carta</li>
<li>Recordo / Les princeses</li>
<li>La decisió.</li>
<li>Què és això que sento?</li>
<li>Poema d&#8217;amor</li>
<li>Inesperat</li>
<li>Qui?</li>
<li>En vols molt més</li>
<li>Potser</li>
</ol>
