{"id":58772,"date":"2026-02-11T12:20:41","date_gmt":"2026-02-11T11:20:41","guid":{"rendered":"https:\/\/teatremusical.cat\/espectacle\/nino-bravo-el-musical\/"},"modified":"2026-08-26T12:45:02","modified_gmt":"2026-08-26T10:45:02","slug":"nino-bravo-el-musical","status":"publish","type":"espectacle","link":"https:\/\/teatremusical.cat\/cast\/espectacle\/nino-bravo-el-musical\/","title":{"rendered":"Nino Bravo !El Musical!"},"content":{"rendered":"<p>El musical pret\u00e9n realitzar un recorregut cronol\u00f2gic de la vida i la carrera art\u00edstica de Nino Bravo.<\/p>\n<p>Es porta a terme mitjan\u00e7ant imatges de la seva ciutat natal i entrevistes gravades amb personatges que van tenir relaci\u00f3 directa amb el cantant: familiars, amics, compositors, m\u00fasics, etc.<\/p>\n<p>Una gran pantalla a l&#8217;escenari recull tots els enregistraments i servir\u00e0 com a fil conductor entre els temes que s&#8217;aniran interpretant, a m\u00e9s d&#8217;oferir tots els recursos d&#8217;imatges que complementaran l&#8217;actuaci\u00f3 en viu dels artistes.<\/p>\n<p>Una banda de deu m\u00fasics interpreta en directe la banda sonora de l&#8217;espectacle. Quatre cantants -dos masculins i dos femenins- posaran veu a les can\u00e7ons de Nino. Cap imitar\u00e0 al cantant desaparegut. Cadascun aporta el seu estil a les can\u00e7ons. Els arranjaments musicals, aix\u00ed com la tecnologia de so m\u00e9s avan\u00e7ada, s&#8217;han dissenyat per no desvirtuar gens ni mica els temes que tots coneixem. Un ballet amb sis excel\u00b7lents ballarines i un cor acompanyaran als cantants i completessin la posada en escena. Nino Bravo apareixer\u00e0 a la gran pantalla, gr\u00e0cies a la tecnologia audiovisual, cantant amb la seva pr\u00f2pia veu dues de les seves can\u00e7ons m\u00e9s populars.<\/p>","protected":false},"featured_media":13506,"template":"","meta":{"_acf_changed":true,"_monsterinsights_skip_tracking":false,"_breakdance_hide_in_design_set":false,"_breakdance_tags":""},"class_list":["post-58772","espectacle","type-espectacle","status-publish","has-post-thumbnail","hentry"],"acf":[],"_links":{"self":[{"href":"https:\/\/teatremusical.cat\/cast\/wp-json\/wp\/v2\/espectacle\/58772","targetHints":{"allow":["GET"]}}],"collection":[{"href":"https:\/\/teatremusical.cat\/cast\/wp-json\/wp\/v2\/espectacle"}],"about":[{"href":"https:\/\/teatremusical.cat\/cast\/wp-json\/wp\/v2\/types\/espectacle"}],"wp:featuredmedia":[{"embeddable":true,"href":"https:\/\/teatremusical.cat\/cast\/wp-json\/wp\/v2\/media\/13506"}],"wp:attachment":[{"href":"https:\/\/teatremusical.cat\/cast\/wp-json\/wp\/v2\/media?parent=58772"}],"curies":[{"name":"wp","href":"https:\/\/api.w.org\/{rel}","templated":true}]}}

<p>El musical pretén realitzar un recorregut cronològic de la vida i la carrera artística de Nino Bravo.</p>
<p>Es porta a terme mitjançant imatges de la seva ciutat natal i entrevistes gravades amb personatges que van tenir relació directa amb el cantant: familiars, amics, compositors, músics, etc.</p>
<p>Una gran pantalla a l&#8217;escenari recull tots els enregistraments i servirà com a fil conductor entre els temes que s&#8217;aniran interpretant, a més d&#8217;oferir tots els recursos d&#8217;imatges que complementaran l&#8217;actuació en viu dels artistes.</p>
<p>Una banda de deu músics interpreta en directe la banda sonora de l&#8217;espectacle. Quatre cantants -dos masculins i dos femenins- posaran veu a les cançons de Nino. Cap imitarà al cantant desaparegut. Cadascun aporta el seu estil a les cançons. Els arranjaments musicals, així com la tecnologia de so més avançada, s&#8217;han dissenyat per no desvirtuar gens ni mica els temes que tots coneixem. Un ballet amb sis excel·lents ballarines i un cor acompanyaran als cantants i completessin la posada en escena. Nino Bravo apareixerà a la gran pantalla, gràcies a la tecnologia audiovisual, cantant amb la seva pròpia veu dues de les seves cançons més populars.</p>
