{"id":58798,"date":"2026-02-11T12:20:46","date_gmt":"2026-02-11T11:20:46","guid":{"rendered":"https:\/\/teatremusical.cat\/espectacle\/mortadelo-y-filemon-the-musical\/"},"modified":"2026-08-29T14:23:22","modified_gmt":"2026-08-29T12:23:22","slug":"mortadelo-y-filemon-the-musical","status":"publish","type":"espectacle","link":"https:\/\/teatremusical.cat\/cast\/espectacle\/mortadelo-y-filemon-the-musical\/","title":{"rendered":"Mortadelo y Filemon, The musical"},"content":{"rendered":"<p>Totes s\u00f3n can\u00e7ons espanyoles que van triomfar durant la d\u00e8cada dels 60 &#8216;s, 70&#8217; si 80 &#8216;s i que romanen en la mem\u00f2ria col\u00b7lectiva del p\u00fablic que assisteixi a veure el musical. Les can\u00e7ons, originals algunes i altres adaptades, han estat treballades pel director musical Joan Enric Garde que juntament amb Ricard Reguant, els guionistes i Jos\u00e9 Velasco, han realitzat un rep\u00e0s per diferents estils musicals que faran cantar i ballar a Mortadelo, Filem\u00f3n, Ofelia , el S\u00faper, Professor Bacterio i tota la resta de personatges del m\u00f3n Ib\u00e1\u00f1ez<\/p>","protected":false},"featured_media":13556,"template":"","meta":{"_acf_changed":true,"_monsterinsights_skip_tracking":false,"_breakdance_hide_in_design_set":false,"_breakdance_tags":""},"class_list":["post-58798","espectacle","type-espectacle","status-publish","has-post-thumbnail","hentry"],"acf":[],"_links":{"self":[{"href":"https:\/\/teatremusical.cat\/cast\/wp-json\/wp\/v2\/espectacle\/58798","targetHints":{"allow":["GET"]}}],"collection":[{"href":"https:\/\/teatremusical.cat\/cast\/wp-json\/wp\/v2\/espectacle"}],"about":[{"href":"https:\/\/teatremusical.cat\/cast\/wp-json\/wp\/v2\/types\/espectacle"}],"wp:featuredmedia":[{"embeddable":true,"href":"https:\/\/teatremusical.cat\/cast\/wp-json\/wp\/v2\/media\/13556"}],"wp:attachment":[{"href":"https:\/\/teatremusical.cat\/cast\/wp-json\/wp\/v2\/media?parent=58798"}],"curies":[{"name":"wp","href":"https:\/\/api.w.org\/{rel}","templated":true}]}}

<p>Totes són cançons espanyoles que van triomfar durant la dècada dels 60 &#8216;s, 70&#8217; si 80 &#8216;s i que romanen en la memòria col·lectiva del públic que assisteixi a veure el musical. Les cançons, originals algunes i altres adaptades, han estat treballades pel director musical Joan Enric Garde que juntament amb Ricard Reguant, els guionistes i José Velasco, han realitzat un repàs per diferents estils musicals que faran cantar i ballar a Mortadelo, Filemón, Ofelia , el Súper, Professor Bacterio i tota la resta de personatges del món Ibáñez</p>
