{"id":58815,"date":"2026-02-11T12:20:52","date_gmt":"2026-02-11T11:20:52","guid":{"rendered":"https:\/\/teatremusical.cat\/espectacle\/por-los-ojos-de-raquel-meller\/"},"modified":"2026-08-25T18:02:27","modified_gmt":"2026-08-25T16:02:27","slug":"por-los-ojos-de-raquel-meller","status":"publish","type":"espectacle","link":"https:\/\/teatremusical.cat\/cast\/espectacle\/por-los-ojos-de-raquel-meller\/","title":{"rendered":"Por los ojos de Raquel Meller"},"content":{"rendered":"<p>Una obra mestra que recrea l&#8217;univers de la tonadillera que va passar de nena costurera a estrella internacional, admirada, envejada i desitjada.<br \/>\nBarcelona 1907. Paquita \u00e9s modista i viu una trista realitat, el seu jornal \u00e9s l&#8217;\u00fanic i esc\u00e0s suport de la fam\u00edlia. Amb prou feines aconsellada per una artista que creu en les seves aptituds, es veu obligada a dedicar-se al g\u00e8nere \u00ednfim, tan en voga a les acaballes del nou-cents.<br \/>\nD&#8217;un dur comen\u00e7ament en els escenaris, passa a la fama aclaparadora amb un ritme fren\u00e8tic; de La Bella Raquel a Raquel Meller.<br \/>\nPer la seva vida se succeeixen els amors en les seves dimensions diverses, el desassossec, la incertesa, l&#8217;oblit &#8230; Les torres s&#8217;aixequen i cauen.<br \/>\nS&#8217;imposa en els teatres i les pantalles del m\u00f3n sencer. El seu art s&#8217;esmicola tot l&#8217;espectre de les seves possibilitats interpretatives.<\/p>","protected":false},"featured_media":13588,"template":"","meta":{"_acf_changed":true,"_monsterinsights_skip_tracking":false,"_breakdance_hide_in_design_set":false,"_breakdance_tags":""},"class_list":["post-58815","espectacle","type-espectacle","status-publish","has-post-thumbnail","hentry"],"acf":[],"_links":{"self":[{"href":"https:\/\/teatremusical.cat\/cast\/wp-json\/wp\/v2\/espectacle\/58815","targetHints":{"allow":["GET"]}}],"collection":[{"href":"https:\/\/teatremusical.cat\/cast\/wp-json\/wp\/v2\/espectacle"}],"about":[{"href":"https:\/\/teatremusical.cat\/cast\/wp-json\/wp\/v2\/types\/espectacle"}],"wp:featuredmedia":[{"embeddable":true,"href":"https:\/\/teatremusical.cat\/cast\/wp-json\/wp\/v2\/media\/13588"}],"wp:attachment":[{"href":"https:\/\/teatremusical.cat\/cast\/wp-json\/wp\/v2\/media?parent=58815"}],"curies":[{"name":"wp","href":"https:\/\/api.w.org\/{rel}","templated":true}]}}

<p>Una obra mestra que recrea l&#8217;univers de la tonadillera que va passar de nena costurera a estrella internacional, admirada, envejada i desitjada.<br />
Barcelona 1907. Paquita és modista i viu una trista realitat, el seu jornal és l&#8217;únic i escàs suport de la família. Amb prou feines aconsellada per una artista que creu en les seves aptituds, es veu obligada a dedicar-se al gènere ínfim, tan en voga a les acaballes del nou-cents.<br />
D&#8217;un dur començament en els escenaris, passa a la fama aclaparadora amb un ritme frenètic; de La Bella Raquel a Raquel Meller.<br />
Per la seva vida se succeeixen els amors en les seves dimensions diverses, el desassossec, la incertesa, l&#8217;oblit &#8230; Les torres s&#8217;aixequen i cauen.<br />
S&#8217;imposa en els teatres i les pantalles del món sencer. El seu art s&#8217;esmicola tot l&#8217;espectre de les seves possibilitats interpretatives.</p>
