{"id":58832,"date":"2026-02-11T12:20:59","date_gmt":"2026-02-11T11:20:59","guid":{"rendered":"https:\/\/teatremusical.cat\/espectacle\/el-otro-lado-de-la-cama\/"},"modified":"2026-08-31T18:27:29","modified_gmt":"2026-08-31T16:27:29","slug":"el-otro-lado-de-la-cama","status":"publish","type":"espectacle","link":"https:\/\/teatremusical.cat\/cast\/espectacle\/el-otro-lado-de-la-cama\/","title":{"rendered":"El otro lado de la cama"},"content":{"rendered":"<p>Aquesta divertid\u00edssima com\u00e8dia musical t\u00e9 la particularitat d&#8217;estar composta per totes les can\u00e7ons cl\u00e0ssiques del rock nacional argent\u00ed dels anys 80\/90, amb els quals es va tra\u00e7ant la hist\u00f2ria.\u00a0Tamb\u00e9 va tenir la seva versi\u00f3 cinematogr\u00e0fica amb la qual va batre r\u00e8cords d&#8217;espectadors\u00a0en l&#8217;\u00e0mbit mundial.<\/p>","protected":false},"featured_media":13622,"template":"","meta":{"_acf_changed":true,"_monsterinsights_skip_tracking":false,"_breakdance_hide_in_design_set":false,"_breakdance_tags":""},"class_list":["post-58832","espectacle","type-espectacle","status-publish","has-post-thumbnail","hentry"],"acf":[],"_links":{"self":[{"href":"https:\/\/teatremusical.cat\/cast\/wp-json\/wp\/v2\/espectacle\/58832","targetHints":{"allow":["GET"]}}],"collection":[{"href":"https:\/\/teatremusical.cat\/cast\/wp-json\/wp\/v2\/espectacle"}],"about":[{"href":"https:\/\/teatremusical.cat\/cast\/wp-json\/wp\/v2\/types\/espectacle"}],"wp:featuredmedia":[{"embeddable":true,"href":"https:\/\/teatremusical.cat\/cast\/wp-json\/wp\/v2\/media\/13622"}],"wp:attachment":[{"href":"https:\/\/teatremusical.cat\/cast\/wp-json\/wp\/v2\/media?parent=58832"}],"curies":[{"name":"wp","href":"https:\/\/api.w.org\/{rel}","templated":true}]}}

<p>Aquesta divertidíssima comèdia musical té la particularitat d&#8217;estar composta per totes les cançons clàssiques del rock nacional argentí dels anys 80/90, amb els quals es va traçant la història. També va tenir la seva versió cinematogràfica amb la qual va batre rècords d&#8217;espectadors en l&#8217;àmbit mundial.</p>
