{"id":58841,"date":"2026-02-11T12:20:59","date_gmt":"2026-02-11T11:20:59","guid":{"rendered":"https:\/\/teatremusical.cat\/espectacle\/el-vino-en-un-barco\/"},"modified":"2026-08-31T22:53:47","modified_gmt":"2026-08-31T20:53:47","slug":"el-vino-en-un-barco","status":"publish","type":"espectacle","link":"https:\/\/teatremusical.cat\/cast\/espectacle\/el-vino-en-un-barco\/","title":{"rendered":"\u00c9l vino en un barco"},"content":{"rendered":"<p>\u00c9l Vino en un Barco \u00e9s un espectacle basat en les can\u00e7ons que durant els anys 40 i despr\u00e9s de la Guerra Civil van ser la banda sonora del nostre pa\u00eds. El que es coneix popularment amb el nom de \u201cCobla\u201d.<\/p>\n<p>Aquestes can\u00e7ons, que van tenir una repercussi\u00f3 enorme principalment a la r\u00e0dio, van fer d\u2019educadores sentimentals en un moment de profunda repressi\u00f3. L\u2019espectacle reivindica unes can\u00e7ons estigmatitzades durant molt de temps, associades a la dictadura franquista.<\/p>\n<p>Quintero, Le\u00f3n i Quiroga, entre d\u2019altres, explicaven hist\u00f2ries dram\u00e0tiques que eren peces teatrals, d\u2019amors apassionats, tr\u00e0gics i irreverents. Hist\u00f2ries que parlaven de nosaltres. De tot el que segueix sent, en ess\u00e8ncia, l\u2019\u00e9sser hum\u00e0.<\/p>","protected":false},"featured_media":13640,"template":"","meta":{"_acf_changed":true,"_monsterinsights_skip_tracking":false,"_breakdance_hide_in_design_set":false,"_breakdance_tags":""},"class_list":["post-58841","espectacle","type-espectacle","status-publish","has-post-thumbnail","hentry"],"acf":[],"_links":{"self":[{"href":"https:\/\/teatremusical.cat\/cast\/wp-json\/wp\/v2\/espectacle\/58841","targetHints":{"allow":["GET"]}}],"collection":[{"href":"https:\/\/teatremusical.cat\/cast\/wp-json\/wp\/v2\/espectacle"}],"about":[{"href":"https:\/\/teatremusical.cat\/cast\/wp-json\/wp\/v2\/types\/espectacle"}],"wp:featuredmedia":[{"embeddable":true,"href":"https:\/\/teatremusical.cat\/cast\/wp-json\/wp\/v2\/media\/13640"}],"wp:attachment":[{"href":"https:\/\/teatremusical.cat\/cast\/wp-json\/wp\/v2\/media?parent=58841"}],"curies":[{"name":"wp","href":"https:\/\/api.w.org\/{rel}","templated":true}]}}

Él vino en un barco

<p>Él Vino en un Barco és un espectacle basat en les cançons que durant els anys 40 i després de la Guerra Civil van ser la banda sonora del nostre país. El que es coneix popularment amb el nom de “Cobla”.</p>
<p>Aquestes cançons, que van tenir una repercussió enorme principalment a la ràdio, van fer d’educadores sentimentals en un moment de profunda repressió. L’espectacle reivindica unes cançons estigmatitzades durant molt de temps, associades a la dictadura franquista.</p>
<p>Quintero, León i Quiroga, entre d’altres, explicaven històries dramàtiques que eren peces teatrals, d’amors apassionats, tràgics i irreverents. Històries que parlaven de nosaltres. De tot el que segueix sent, en essència, l’ésser humà.</p>
