{"id":58856,"date":"2026-02-11T12:21:06","date_gmt":"2026-02-11T11:21:06","guid":{"rendered":"https:\/\/teatremusical.cat\/espectacle\/el-duo-de-la-africana\/"},"modified":"2026-08-31T17:34:18","modified_gmt":"2026-08-31T15:34:18","slug":"el-duo-de-la-africana","status":"publish","type":"espectacle","link":"https:\/\/teatremusical.cat\/cast\/espectacle\/el-duo-de-la-africana\/","title":{"rendered":"El d\u00fao de la africana"},"content":{"rendered":"<p>L&#8217;alian\u00e7a entre Xavier Albert\u00ed i Llu\u00efsa\u00a0<span class=\"hiddenSpellError\">Cunill\u00e9<\/span>\u00a0s&#8217;acosta aquesta vegada al m\u00f3n de la sarsuela amb una relectura de la pe\u00e7a de\u00a0<span class=\"hiddenSpellError\">Miguel<\/span>\u00a0<span class=\"hiddenSpellError\">Echegaray<\/span>\u00a0i Manuel Fern\u00e1ndez\u00a0<span class=\"hiddenSpellError\">Caballero<\/span>. L&#8217;espectacle \u00e9s una reflexi\u00f3\u00a0<span class=\"hiddenSpellError\">pirandel\u00b7liana<\/span>\u00a0sobre la teatralitat musical a partir de la famosa pe\u00e7a de 1893, una creaci\u00f3 de com podria haver arribat a ser la sarsuela avui, en aquest pa\u00eds, si hagu\u00e9s continuat l&#8217;evoluci\u00f3 art\u00edstica que es va veure interrompuda pel llarg par\u00e8ntesi de la\u00a0Guerra Civil i els 40 anys de franquisme.<\/p>\n<p>A partir de la zarzuela de<br \/>\nManuel Fern\u00e1ndez caballero y Miguel Echegaray<\/p>","protected":false},"featured_media":13665,"template":"","meta":{"_acf_changed":true,"_monsterinsights_skip_tracking":false,"_breakdance_hide_in_design_set":false,"_breakdance_tags":""},"class_list":["post-58856","espectacle","type-espectacle","status-publish","has-post-thumbnail","hentry"],"acf":[],"_links":{"self":[{"href":"https:\/\/teatremusical.cat\/cast\/wp-json\/wp\/v2\/espectacle\/58856","targetHints":{"allow":["GET"]}}],"collection":[{"href":"https:\/\/teatremusical.cat\/cast\/wp-json\/wp\/v2\/espectacle"}],"about":[{"href":"https:\/\/teatremusical.cat\/cast\/wp-json\/wp\/v2\/types\/espectacle"}],"wp:featuredmedia":[{"embeddable":true,"href":"https:\/\/teatremusical.cat\/cast\/wp-json\/wp\/v2\/media\/13665"}],"wp:attachment":[{"href":"https:\/\/teatremusical.cat\/cast\/wp-json\/wp\/v2\/media?parent=58856"}],"curies":[{"name":"wp","href":"https:\/\/api.w.org\/{rel}","templated":true}]}}

El dúo de la africana

<p>L&#8217;aliança entre Xavier Albertí i Lluïsa <span class="hiddenSpellError">Cunillé</span> s&#8217;acosta aquesta vegada al món de la sarsuela amb una relectura de la peça de <span class="hiddenSpellError">Miguel</span> <span class="hiddenSpellError">Echegaray</span> i Manuel Fernández <span class="hiddenSpellError">Caballero</span>. L&#8217;espectacle és una reflexió <span class="hiddenSpellError">pirandel·liana</span> sobre la teatralitat musical a partir de la famosa peça de 1893, una creació de com podria haver arribat a ser la sarsuela avui, en aquest país, si hagués continuat l&#8217;evolució artística que es va veure interrompuda pel llarg parèntesi de la Guerra Civil i els 40 anys de franquisme.</p>
<p>A partir de la zarzuela de<br />
Manuel Fernández caballero y Miguel Echegaray</p>
