{"id":59231,"date":"2026-02-11T12:22:40","date_gmt":"2026-02-11T11:22:40","guid":{"rendered":"https:\/\/teatremusical.cat\/espectacle\/miedo\/"},"modified":"2026-04-12T13:10:57","modified_gmt":"2026-04-12T11:10:57","slug":"miedo","status":"publish","type":"espectacle","link":"https:\/\/teatremusical.cat\/cast\/espectacle\/miedo\/","title":{"rendered":"Miedo"},"content":{"rendered":"<p>\u00abTinc por de tot\u00bb. En aquesta frase es condensa l\u2019\u00faltim espectacle d\u2019Albert Pla. Enmig d\u2019un sorprenent i immersiu desplegament audiovisual, el cantautor repassa totes les pors que ens acompanyen al llarg de la vida, fins i tot m\u00e9s enll\u00e0. Des dels terrors nocturns de la infantesa fins als fantasmes que habiten en la nostra ment com a adults temorosos de tot all\u00f2 que desconeixem, intu\u00efm, sabem o imaginem. Un recital teatralitzat que, amb la singular ironia i pres\u00e8ncia de Pla, comparteix sensacions tan conegudes i compartides com el p\u00e0nic, l\u2019angoixa i la paranoia. Una col\u00b7lecci\u00f3 de malsons amb can\u00e7ons.<\/p>\n<ul>\n<li>Idea original:\u00a0<strong>Albert Pla<\/strong><\/li>\n<\/ul>","protected":false},"featured_media":14353,"template":"","meta":{"_acf_changed":true,"_monsterinsights_skip_tracking":false,"_breakdance_hide_in_design_set":false,"_breakdance_tags":""},"class_list":["post-59231","espectacle","type-espectacle","status-publish","has-post-thumbnail","hentry"],"acf":[],"_links":{"self":[{"href":"https:\/\/teatremusical.cat\/cast\/wp-json\/wp\/v2\/espectacle\/59231","targetHints":{"allow":["GET"]}}],"collection":[{"href":"https:\/\/teatremusical.cat\/cast\/wp-json\/wp\/v2\/espectacle"}],"about":[{"href":"https:\/\/teatremusical.cat\/cast\/wp-json\/wp\/v2\/types\/espectacle"}],"wp:featuredmedia":[{"embeddable":true,"href":"https:\/\/teatremusical.cat\/cast\/wp-json\/wp\/v2\/media\/14353"}],"wp:attachment":[{"href":"https:\/\/teatremusical.cat\/cast\/wp-json\/wp\/v2\/media?parent=59231"}],"curies":[{"name":"wp","href":"https:\/\/api.w.org\/{rel}","templated":true}]}}

<p>«Tinc por de tot». En aquesta frase es condensa l’últim espectacle d’Albert Pla. Enmig d’un sorprenent i immersiu desplegament audiovisual, el cantautor repassa totes les pors que ens acompanyen al llarg de la vida, fins i tot més enllà. Des dels terrors nocturns de la infantesa fins als fantasmes que habiten en la nostra ment com a adults temorosos de tot allò que desconeixem, intuïm, sabem o imaginem. Un recital teatralitzat que, amb la singular ironia i presència de Pla, comparteix sensacions tan conegudes i compartides com el pànic, l’angoixa i la paranoia. Una col·lecció de malsons amb cançons.</p>
<ul>
<li>Idea original: <strong>Albert Pla</strong></li>
</ul>
