{"id":59746,"date":"2026-02-11T12:25:34","date_gmt":"2026-02-11T11:25:34","guid":{"rendered":"https:\/\/teatremusical.cat\/espectacle\/quan-les-nenes-volen-alt\/"},"modified":"2026-04-08T10:41:09","modified_gmt":"2026-04-08T08:41:09","slug":"quan-les-nenes-volen-alt","status":"publish","type":"espectacle","link":"https:\/\/teatremusical.cat\/cast\/espectacle\/quan-les-nenes-volen-alt\/","title":{"rendered":"Quan les nenes volen alt"},"content":{"rendered":"<p>L&#8217;Adriana \u00e9s lleugera com una ploma i gaudeix volant per l&#8217;habitaci\u00f3, brunzint com si fos una avioneta. Est\u00e0 segura que ser\u00e0 la millor pilot del m\u00f3n.<br \/>\nLa Martina sempre puja els esglaons de tres en tres per arribar de seguida a l&#8217;habitaci\u00f3 i tocar el viol\u00ed. Somia ser una gran violinista.La Ximena \u00e9s silenciosa i passa tot el dia entre llibres. Li agrada escriure contes i va a tot arreu amb la seva llibreta. Vol ser una gran escriptora.L&#8217;Adriana, la Ximena i la Martina tenen grans somnis. El Sr. Sivolspots est\u00e0 construint unes ales fant\u00e0stiques perqu\u00e8 puguin assolir-los, per\u00f2 la colla del malvat Nohoaconseguirasmai (el Sr. Reflexos, el Senyor-eta, el Sr. Bellesa Perfora i el Sr. Desigualtat) els ha omplert les butxaques de pedres perqu\u00e8 no es puguin enlairar.<\/p>","protected":false},"featured_media":15276,"template":"","meta":{"_acf_changed":true,"_monsterinsights_skip_tracking":false,"_breakdance_hide_in_design_set":false,"_breakdance_tags":""},"class_list":["post-59746","espectacle","type-espectacle","status-publish","has-post-thumbnail","hentry"],"acf":[],"_links":{"self":[{"href":"https:\/\/teatremusical.cat\/cast\/wp-json\/wp\/v2\/espectacle\/59746","targetHints":{"allow":["GET"]}}],"collection":[{"href":"https:\/\/teatremusical.cat\/cast\/wp-json\/wp\/v2\/espectacle"}],"about":[{"href":"https:\/\/teatremusical.cat\/cast\/wp-json\/wp\/v2\/types\/espectacle"}],"wp:featuredmedia":[{"embeddable":true,"href":"https:\/\/teatremusical.cat\/cast\/wp-json\/wp\/v2\/media\/15276"}],"wp:attachment":[{"href":"https:\/\/teatremusical.cat\/cast\/wp-json\/wp\/v2\/media?parent=59746"}],"curies":[{"name":"wp","href":"https:\/\/api.w.org\/{rel}","templated":true}]}}

<p>L&#8217;Adriana és lleugera com una ploma i gaudeix volant per l&#8217;habitació, brunzint com si fos una avioneta. Està segura que serà la millor pilot del món.<br />
La Martina sempre puja els esglaons de tres en tres per arribar de seguida a l&#8217;habitació i tocar el violí. Somia ser una gran violinista.La Ximena és silenciosa i passa tot el dia entre llibres. Li agrada escriure contes i va a tot arreu amb la seva llibreta. Vol ser una gran escriptora.L&#8217;Adriana, la Ximena i la Martina tenen grans somnis. El Sr. Sivolspots està construint unes ales fantàstiques perquè puguin assolir-los, però la colla del malvat Nohoaconseguirasmai (el Sr. Reflexos, el Senyor-eta, el Sr. Bellesa Perfora i el Sr. Desigualtat) els ha omplert les butxaques de pedres perquè no es puguin enlairar.</p>
