{"id":59795,"date":"2026-02-11T12:25:48","date_gmt":"2026-02-11T11:25:48","guid":{"rendered":"https:\/\/teatremusical.cat\/espectacle\/flamenco-voyage\/"},"modified":"2026-08-09T22:11:34","modified_gmt":"2026-08-09T20:11:34","slug":"flamenco-voyage","status":"publish","type":"espectacle","link":"https:\/\/teatremusical.cat\/cast\/espectacle\/flamenco-voyage\/","title":{"rendered":"Flamenco Voyage"},"content":{"rendered":"<p>Flamenco Voyage \u00e9s, com el seu nom indica, un homenatge al viatge que tants i tants \u201cballadors\u201d de flamenc han fet de llarg a llarg del m\u00f3n, ja sigui a la Costa Brava dels anys 50\/60 o als ant\u00edpodes com el Jap\u00f3, Austr\u00e0lia\u2026<\/p>\n<p>A Flamenco Voyage trobarem a m\u00e9s d&#8217;un acostament a la dansa espanyola, l&#8217;anomenada \u201cescola bolera\u201d, per\u00f2 sempre des del filtre del flamenc. Des del clix\u00e9 de l&#8217;Achilip\u00fa al Falla de l&#8217;Amor Brujo, la Cobla, El Lebrijano, Morente, la Carme de Bizet\u2026 i aquest flamenc \u201cper llei\u201d que ens deixa sense al\u00e8 al so de la m\u00fasica original creada ad hoc per Alfredo Lagos.<\/p>\n<p>Flamenco Voyage no \u00e9s doncs un espectacle de flamenc a l&#8217;\u00fas, \u00e9s el que podr\u00edem anomenar en un sentit ampli, un xou de flamenc del qual voldrem repetir.<\/p>\n<p>El flamenc \u00e9s bellesa, el flamenc \u00e9s un gran art. Aquest vol ser un nou tribut a aquest art, perqu\u00e8 mai no est\u00e0 tot dit, perqu\u00e8 sempre \u00e9s possible una nova mirada. La dansa \u00e9s un art universal, el ball flamenc \u00e9s universal.<\/p>","protected":false},"featured_media":15370,"template":"","meta":{"_acf_changed":true,"_monsterinsights_skip_tracking":false,"_breakdance_hide_in_design_set":false,"_breakdance_tags":""},"class_list":["post-59795","espectacle","type-espectacle","status-publish","has-post-thumbnail","hentry"],"acf":[],"_links":{"self":[{"href":"https:\/\/teatremusical.cat\/cast\/wp-json\/wp\/v2\/espectacle\/59795","targetHints":{"allow":["GET"]}}],"collection":[{"href":"https:\/\/teatremusical.cat\/cast\/wp-json\/wp\/v2\/espectacle"}],"about":[{"href":"https:\/\/teatremusical.cat\/cast\/wp-json\/wp\/v2\/types\/espectacle"}],"wp:featuredmedia":[{"embeddable":true,"href":"https:\/\/teatremusical.cat\/cast\/wp-json\/wp\/v2\/media\/15370"}],"wp:attachment":[{"href":"https:\/\/teatremusical.cat\/cast\/wp-json\/wp\/v2\/media?parent=59795"}],"curies":[{"name":"wp","href":"https:\/\/api.w.org\/{rel}","templated":true}]}}

<p>Flamenco Voyage és, com el seu nom indica, un homenatge al viatge que tants i tants “balladors” de flamenc han fet de llarg a llarg del món, ja sigui a la Costa Brava dels anys 50/60 o als antípodes com el Japó, Austràlia…</p>
<p>A Flamenco Voyage trobarem a més d&#8217;un acostament a la dansa espanyola, l&#8217;anomenada “escola bolera”, però sempre des del filtre del flamenc. Des del clixé de l&#8217;Achilipú al Falla de l&#8217;Amor Brujo, la Cobla, El Lebrijano, Morente, la Carme de Bizet… i aquest flamenc “per llei” que ens deixa sense alè al so de la música original creada ad hoc per Alfredo Lagos.</p>
<p>Flamenco Voyage no és doncs un espectacle de flamenc a l&#8217;ús, és el que podríem anomenar en un sentit ampli, un xou de flamenc del qual voldrem repetir.</p>
<p>El flamenc és bellesa, el flamenc és un gran art. Aquest vol ser un nou tribut a aquest art, perquè mai no està tot dit, perquè sempre és possible una nova mirada. La dansa és un art universal, el ball flamenc és universal.</p>
