{"id":59844,"date":"2026-02-11T12:26:05","date_gmt":"2026-02-11T11:26:05","guid":{"rendered":"https:\/\/teatremusical.cat\/espectacle\/tuelf-points-el-musical-mas-eurovisivo\/"},"modified":"2026-08-06T21:48:29","modified_gmt":"2026-08-06T19:48:29","slug":"tuelf-points-el-musical-mas-eurovisivo","status":"publish","type":"espectacle","link":"https:\/\/teatremusical.cat\/cast\/espectacle\/tuelf-points-el-musical-mas-eurovisivo\/","title":{"rendered":"Tuelf points, el musical m\u00e1s eurovisivo"},"content":{"rendered":"<p>Una not\u00edcia inesperada irromp el panorama televisiu de la primavera europea: el Festival de la Can\u00e7\u00f3 d\u2019Eurovisi\u00f3 queda apla\u00e7at, sense data ni motiu.<\/p>\n<p>En alg\u00fan lloc del continent, la EMS (Euro Music Society), organitzaci\u00f3 secreta encarregada de moure els fils del festival, convoca una junta extraordin\u00e0ria i urgent per encarar la situaci\u00f3. EuroNi, el seu l\u00edder, anuncia la defunci\u00f3 del \u201cMaestro\u201d, el compositor que ha creat totes les can\u00e7ons guanyadores del concurs fins a dia d\u2019avui.<\/p>\n<p>Un complex algoritme selecciona un jove de 31 anys com el seu successor; des d\u2019un laboratori musical (Tuelf Points), haur\u00e0 de trobar una f\u00f2rmula EuroWin per trobar la nova can\u00e7\u00f3 triomfadora.<\/p>\n<p><em>Tuelf Points, el musical m\u00e1s eurovisivo<\/em>\u00a0\u00e9s un concert teatralitzat amb m\u00fasica i veus en directe (i col\u00b7laboracions molt especials!), que repassa els grans \u00e8xits d\u2019Eurovisi\u00f3 de tots els temps. Versions de\u00a0<em>Europe\u2019s living a celebration, La La La, Dime, Euphoria, Eres t\u00fa<\/em>, i moltes m\u00e9s! Un espectacle amb versions originals i in\u00e8dites extremadament eurovisives!<\/p>","protected":false},"featured_media":15468,"template":"","meta":{"_acf_changed":true,"_monsterinsights_skip_tracking":false,"_breakdance_hide_in_design_set":false,"_breakdance_tags":""},"class_list":["post-59844","espectacle","type-espectacle","status-publish","has-post-thumbnail","hentry"],"acf":[],"_links":{"self":[{"href":"https:\/\/teatremusical.cat\/cast\/wp-json\/wp\/v2\/espectacle\/59844","targetHints":{"allow":["GET"]}}],"collection":[{"href":"https:\/\/teatremusical.cat\/cast\/wp-json\/wp\/v2\/espectacle"}],"about":[{"href":"https:\/\/teatremusical.cat\/cast\/wp-json\/wp\/v2\/types\/espectacle"}],"wp:featuredmedia":[{"embeddable":true,"href":"https:\/\/teatremusical.cat\/cast\/wp-json\/wp\/v2\/media\/15468"}],"wp:attachment":[{"href":"https:\/\/teatremusical.cat\/cast\/wp-json\/wp\/v2\/media?parent=59844"}],"curies":[{"name":"wp","href":"https:\/\/api.w.org\/{rel}","templated":true}]}}

Tuelf points, el musical más eurovisivo

<p>Una notícia inesperada irromp el panorama televisiu de la primavera europea: el Festival de la Cançó d’Eurovisió queda aplaçat, sense data ni motiu.</p>
<p>En algún lloc del continent, la EMS (Euro Music Society), organització secreta encarregada de moure els fils del festival, convoca una junta extraordinària i urgent per encarar la situació. EuroNi, el seu líder, anuncia la defunció del “Maestro”, el compositor que ha creat totes les cançons guanyadores del concurs fins a dia d’avui.</p>
<p>Un complex algoritme selecciona un jove de 31 anys com el seu successor; des d’un laboratori musical (Tuelf Points), haurà de trobar una fòrmula EuroWin per trobar la nova cançó triomfadora.</p>
<p><em>Tuelf Points, el musical más eurovisivo</em> és un concert teatralitzat amb música i veus en directe (i col·laboracions molt especials!), que repassa els grans èxits d’Eurovisió de tots els temps. Versions de <em>Europe’s living a celebration, La La La, Dime, Euphoria, Eres tú</em>, i moltes més! Un espectacle amb versions originals i inèdites extremadament eurovisives!</p>
