{"id":77090,"date":"2026-08-27T10:33:37","date_gmt":"2026-08-27T08:33:37","guid":{"rendered":"https:\/\/teatremusical.cat\/?post_type=espectacle&#038;p=77090"},"modified":"2026-08-28T00:24:54","modified_gmt":"2026-08-27T22:24:54","slug":"la-corte-de-faraon","status":"publish","type":"espectacle","link":"https:\/\/teatremusical.cat\/cast\/espectacle\/la-corte-de-faraon\/","title":{"rendered":"La corte de Fara\u00f3n"},"content":{"rendered":"<p class=\"wp-block-paragraph\"><strong>La Corte de Fara\u00f3n<\/strong>&nbsp;\u00e9s una sarsuela d\u2019un acte i cinc quadres, amb llibret de&nbsp;<strong>Guillermo Perr\u00edn<\/strong>,&nbsp;<strong>Miguel de Palacios<\/strong>&nbsp;i m\u00fasica de&nbsp;<strong>Vicente Lle\u00f3<\/strong>&nbsp;que barreja elements d\u2019opereta, sarsuela, revista i fins i tot cupler. L\u2019obra es caracteritza pels di\u00e0legs plens d\u2019insinuacions i connotacions sexuals, can\u00e7ons \u201cpicants\u201d i situacions pr\u00f2pies dels vodevils.<\/p>\n\n\n\n<p class=\"wp-block-paragraph\">De car\u00e0cter humor\u00edstic, l\u2019obra est\u00e0 ambientada a Egipte i les refer\u00e8ncies musicals la converteixen en alguns moments en una par\u00f2dia de l\u2019\u00f2pera Aida de Verdi. A la d\u00e8cada dels 80 es va fer especialment popular, gr\u00e0cies a la pel\u00b7l\u00edcula de Jos\u00e9 Luis Garc\u00eda S\u00e1nchez, interpretada per Antonio Banderas, Ana Bel\u00e9n i Fernando Fern\u00e1n G\u00f3mez, i que tracta d\u2019una companyia de teatre dels anys 40, que estan representant aquest cl\u00e0ssic i que s\u00f3n arrestats per la censura espanyola, precisament a causa del contingut sexual de l\u2019obra.<\/p>\n\n\n\n<p class=\"wp-block-paragraph\">Un cl\u00e0ssic que&nbsp;<strong>Milnotes<\/strong>&nbsp;ha reformat i renovat, allunyant-se dels t\u00f2pics i t\u00edpics de la sarsuela i que pret\u00e9n fer gaudir tothom, sobretot la gent jove!&nbsp;<strong>Joan Garrido<\/strong>, director de la Companyia ha apostat per un muntatge molt fresc i espectacular amb una posada en escena innovadora on destaca una escenografia molt treballada i impressionant.<\/p>","protected":false},"featured_media":73281,"template":"","meta":{"_acf_changed":true,"_monsterinsights_skip_tracking":false,"_breakdance_hide_in_design_set":false,"_breakdance_tags":""},"class_list":["post-77090","espectacle","type-espectacle","status-publish","has-post-thumbnail","hentry"],"acf":[],"_links":{"self":[{"href":"https:\/\/teatremusical.cat\/cast\/wp-json\/wp\/v2\/espectacle\/77090","targetHints":{"allow":["GET"]}}],"collection":[{"href":"https:\/\/teatremusical.cat\/cast\/wp-json\/wp\/v2\/espectacle"}],"about":[{"href":"https:\/\/teatremusical.cat\/cast\/wp-json\/wp\/v2\/types\/espectacle"}],"wp:featuredmedia":[{"embeddable":true,"href":"https:\/\/teatremusical.cat\/cast\/wp-json\/wp\/v2\/media\/73281"}],"wp:attachment":[{"href":"https:\/\/teatremusical.cat\/cast\/wp-json\/wp\/v2\/media?parent=77090"}],"curies":[{"name":"wp","href":"https:\/\/api.w.org\/{rel}","templated":true}]}}

La corte de Faraón

<p class="wp-block-paragraph"><strong>La Corte de Faraón</strong>&nbsp;és una sarsuela d’un acte i cinc quadres, amb llibret de&nbsp;<strong>Guillermo Perrín</strong>,&nbsp;<strong>Miguel de Palacios</strong>&nbsp;i música de&nbsp;<strong>Vicente Lleó</strong>&nbsp;que barreja elements d’opereta, sarsuela, revista i fins i tot cupler. L’obra es caracteritza pels diàlegs plens d’insinuacions i connotacions sexuals, cançons “picants” i situacions pròpies dels vodevils.</p>



<p class="wp-block-paragraph">De caràcter humorístic, l’obra està ambientada a Egipte i les referències musicals la converteixen en alguns moments en una paròdia de l’òpera Aida de Verdi. A la dècada dels 80 es va fer especialment popular, gràcies a la pel·lícula de José Luis García Sánchez, interpretada per Antonio Banderas, Ana Belén i Fernando Fernán Gómez, i que tracta d’una companyia de teatre dels anys 40, que estan representant aquest clàssic i que són arrestats per la censura espanyola, precisament a causa del contingut sexual de l’obra.</p>



<p class="wp-block-paragraph">Un clàssic que&nbsp;<strong>Milnotes</strong>&nbsp;ha reformat i renovat, allunyant-se dels tòpics i típics de la sarsuela i que pretén fer gaudir tothom, sobretot la gent jove!&nbsp;<strong>Joan Garrido</strong>, director de la Companyia ha apostat per un muntatge molt fresc i espectacular amb una posada en escena innovadora on destaca una escenografia molt treballada i impressionant.</p>
